{"id":990,"date":"2024-07-01T13:42:52","date_gmt":"2024-07-01T11:42:52","guid":{"rendered":"https:\/\/smilemusicaction.pl\/?page_id=990"},"modified":"2025-04-16T20:38:04","modified_gmt":"2025-04-16T18:38:04","slug":"elementor-strona-990","status":"publish","type":"page","link":"https:\/\/smilemusicaction.pl\/","title":{"rendered":"STRONA G\u0141\u00d3WNA"},"content":{"rendered":"\t\t<div data-elementor-type=\"wp-page\" data-elementor-id=\"990\" class=\"elementor elementor-990\">\n\t\t\t\t<div class=\"elementor-element elementor-element-39798e7 e-con-full e-flex e-con e-parent\" data-id=\"39798e7\" data-element_type=\"container\" data-settings=\"{&quot;background_background&quot;:&quot;slideshow&quot;,&quot;background_slideshow_gallery&quot;:[{&quot;id&quot;:445,&quot;url&quot;:&quot;https:\\\/\\\/smilemusicaction.pl\\\/wp-content\\\/uploads\\\/2024\\\/06\\\/Studniowka.-457-scaled.jpg&quot;},{&quot;id&quot;:515,&quot;url&quot;:&quot;https:\\\/\\\/smilemusicaction.pl\\\/wp-content\\\/uploads\\\/2024\\\/06\\\/6.jpg&quot;}],&quot;background_slideshow_slide_duration&quot;:3000,&quot;background_slideshow_loop&quot;:&quot;yes&quot;,&quot;background_slideshow_slide_transition&quot;:&quot;fade&quot;,&quot;background_slideshow_transition_duration&quot;:500}\">\n\t\t\t\t<div class=\"elementor-element elementor-element-1b660d1 elementor-widget elementor-widget-spacer\" data-id=\"1b660d1\" data-element_type=\"widget\" data-widget_type=\"spacer.default\">\n\t\t\t\t<div class=\"elementor-widget-container\">\n\t\t\t\t\t\t\t<div class=\"elementor-spacer\">\n\t\t\t<div class=\"elementor-spacer-inner\"><\/div>\n\t\t<\/div>\n\t\t\t\t\t\t<\/div>\n\t\t\t\t<\/div>\n\t\t\t\t<div class=\"elementor-element elementor-element-ff698a2 elementor-widget elementor-widget-heading\" data-id=\"ff698a2\" data-element_type=\"widget\" data-widget_type=\"heading.default\">\n\t\t\t\t<div class=\"elementor-widget-container\">\n\t\t\t\t\t<h2 class=\"elementor-heading-title elementor-size-default\">GOTOWI NA WSP\u00d3LN\u0104 PRZYGOD\u0118?<\/h2>\t\t\t\t<\/div>\n\t\t\t\t<\/div>\n\t\t<div class=\"elementor-element elementor-element-db9cee8 e-con-full e-flex e-con e-child\" data-id=\"db9cee8\" data-element_type=\"container\">\n\t\t\t\t<div class=\"elementor-element elementor-element-8dbbcd6 elementor-widget__width-initial elementor-widget elementor-widget-heading\" data-id=\"8dbbcd6\" data-element_type=\"widget\" data-widget_type=\"heading.default\">\n\t\t\t\t<div class=\"elementor-widget-container\">\n\t\t\t\t\t<h2 class=\"elementor-heading-title elementor-size-default\">W CELU ZAREZERWOWANIA UROCZYSTO\u015aCI WYPE\u0141NIJ FORMULARZ, KT\u00d3RY ZNAJDUJE SI\u0118 W LINKU POD PRZYCISKIEM PONI\u017bEJ. WYPE\u0141NIJ WSZYSTKIE INFORMACJE I NIED\u0141UGO SI\u0118 ODEZWIEMY!<\/h2>\t\t\t\t<\/div>\n\t\t\t\t<\/div>\n\t\t\t\t<\/div>\n\t\t<div class=\"elementor-element elementor-element-d449cb5 e-con-full e-flex e-con e-child\" data-id=\"d449cb5\" data-element_type=\"container\">\n\t\t\t\t<div class=\"elementor-element elementor-element-ae27843 elementor-align-center elementor-widget elementor-widget-button\" data-id=\"ae27843\" data-element_type=\"widget\" data-widget_type=\"button.default\">\n\t\t\t\t<div class=\"elementor-widget-container\">\n\t\t\t\t\t\t\t\t\t<div class=\"elementor-button-wrapper\">\n\t\t\t\t\t<a class=\"elementor-button elementor-button-link elementor-size-sm\" href=\"https:\/\/smilemusicaction.pl\/?page_id=19\">\n\t\t\t\t\t\t<span class=\"elementor-button-content-wrapper\">\n\t\t\t\t\t\t\t\t\t<span class=\"elementor-button-text\">FORMULARZ KONTAKTOWY<\/span>\n\t\t\t\t\t<\/span>\n\t\t\t\t\t<\/a>\n\t\t\t\t<\/div>\n\t\t\t\t\t\t\t\t<\/div>\n\t\t\t\t<\/div>\n\t\t\t\t<\/div>\n\t\t\t\t<\/div>\n\t\t<div class=\"elementor-element elementor-element-e9fa749 e-flex e-con-boxed e-con e-parent\" data-id=\"e9fa749\" data-element_type=\"container\">\n\t\t\t\t\t<div class=\"e-con-inner\">\n\t\t\t\t\t<\/div>\n\t\t\t\t<\/div>\n\t\t<div class=\"elementor-element elementor-element-ec6ee28 e-flex e-con-boxed e-con e-parent\" data-id=\"ec6ee28\" data-element_type=\"container\">\n\t\t\t\t\t<div class=\"e-con-inner\">\n\t\t\t\t<div class=\"elementor-element elementor-element-0aa8929 elementor-widget elementor-widget-heading\" data-id=\"0aa8929\" data-element_type=\"widget\" data-widget_type=\"heading.default\">\n\t\t\t\t<div class=\"elementor-widget-container\">\n\t\t\t\t\t<h2 class=\"elementor-heading-title elementor-size-default\">NASZ ZESP\u00d3\u0141<\/h2>\t\t\t\t<\/div>\n\t\t\t\t<\/div>\n\t\t\t\t\t<\/div>\n\t\t\t\t<\/div>\n\t\t<div class=\"elementor-element elementor-element-05e3144 e-flex e-con-boxed e-con e-parent\" data-id=\"05e3144\" data-element_type=\"container\">\n\t\t\t\t\t<div class=\"e-con-inner\">\n\t\t<div class=\"elementor-element elementor-element-1d0b540 e-grid e-con-full e-con e-child\" data-id=\"1d0b540\" data-element_type=\"container\">\n\t\t\t\t<div class=\"elementor-element elementor-element-2f5606a elementor-widget elementor-widget-e_image_hover_effects\" data-id=\"2f5606a\" data-element_type=\"widget\" data-widget_type=\"e_image_hover_effects.default\">\n\t\t\t\t<div class=\"elementor-widget-container\">\n\t\t\t\t\t\t\t\t<div class=\"eihe-box eihe-shutter-out-diag-1 eihe_\">\n\t\t\t\t<img fetchpriority=\"high\" decoding=\"async\" width=\"960\" height=\"960\" src=\"https:\/\/smilemusicaction.pl\/wp-content\/uploads\/2024\/06\/438805387_18025954145099340_5844604832324595014_nEDIT-1-edited-1.jpg\" class=\"attachment-full size-full wp-image-805\" alt=\"\" srcset=\"https:\/\/smilemusicaction.pl\/wp-content\/uploads\/2024\/06\/438805387_18025954145099340_5844604832324595014_nEDIT-1-edited-1.jpg 960w, https:\/\/smilemusicaction.pl\/wp-content\/uploads\/2024\/06\/438805387_18025954145099340_5844604832324595014_nEDIT-1-edited-1-300x300.jpg 300w, https:\/\/smilemusicaction.pl\/wp-content\/uploads\/2024\/06\/438805387_18025954145099340_5844604832324595014_nEDIT-1-edited-1-150x150.jpg 150w, https:\/\/smilemusicaction.pl\/wp-content\/uploads\/2024\/06\/438805387_18025954145099340_5844604832324595014_nEDIT-1-edited-1-768x768.jpg 768w\" sizes=\"(max-width: 960px) 100vw, 960px\" \/>\t\t\t\t<div class=\"eihe-caption\">\n\t\t\t\t\t<div class=\"eihe-title-cover\">\n\t\t\t\t\t\t\t\t\t\t\t\t<h3 class=\"eihe-title\">PAWE\u0141 DOMAGA\u0141A<\/h3>\n\t\t\t\t\t\t\t\t\t\t\t<\/div>\n\t\t\t\t\t<p>Dj, Konferansjer<\/p>\n\t\t\t\t<\/div>\n\t\t\t<\/div>\n\t\t\t\t\t\t<\/div>\n\t\t\t\t<\/div>\n\t\t\t\t<div class=\"elementor-element elementor-element-ac436da elementor-widget elementor-widget-e_image_hover_effects\" data-id=\"ac436da\" data-element_type=\"widget\" data-widget_type=\"e_image_hover_effects.default\">\n\t\t\t\t<div class=\"elementor-widget-container\">\n\t\t\t\t\t\t\t\t<div class=\"eihe-box eihe-shutter-out-diag-1 eihe_\">\n\t\t\t\t<img decoding=\"async\" width=\"2560\" height=\"2560\" src=\"https:\/\/smilemusicaction.pl\/wp-content\/uploads\/2025\/04\/DSC_0237-1-scaled.jpg\" class=\"attachment-full size-full wp-image-1534\" alt=\"\" srcset=\"https:\/\/smilemusicaction.pl\/wp-content\/uploads\/2025\/04\/DSC_0237-1-scaled.jpg 2560w, https:\/\/smilemusicaction.pl\/wp-content\/uploads\/2025\/04\/DSC_0237-1-300x300.jpg 300w, https:\/\/smilemusicaction.pl\/wp-content\/uploads\/2025\/04\/DSC_0237-1-1024x1024.jpg 1024w, https:\/\/smilemusicaction.pl\/wp-content\/uploads\/2025\/04\/DSC_0237-1-150x150.jpg 150w, https:\/\/smilemusicaction.pl\/wp-content\/uploads\/2025\/04\/DSC_0237-1-768x768.jpg 768w, https:\/\/smilemusicaction.pl\/wp-content\/uploads\/2025\/04\/DSC_0237-1-1536x1536.jpg 1536w, https:\/\/smilemusicaction.pl\/wp-content\/uploads\/2025\/04\/DSC_0237-1-2048x2048.jpg 2048w\" sizes=\"(max-width: 2560px) 100vw, 2560px\" \/>\t\t\t\t<div class=\"eihe-caption\">\n\t\t\t\t\t<div class=\"eihe-title-cover\">\n\t\t\t\t\t\t\t\t\t\t\t\t<h3 class=\"eihe-title\">MICHA\u0141 KORCZYK<\/h3>\n\t\t\t\t\t\t\t\t\t\t\t<\/div>\n\t\t\t\t\t<p>Dj, Konferansjer<\/p>\n\t\t\t\t<\/div>\n\t\t\t<\/div>\n\t\t\t\t\t\t<\/div>\n\t\t\t\t<\/div>\n\t\t\t\t<div class=\"elementor-element elementor-element-92ca88d elementor-widget elementor-widget-e_image_hover_effects\" data-id=\"92ca88d\" data-element_type=\"widget\" data-widget_type=\"e_image_hover_effects.default\">\n\t\t\t\t<div class=\"elementor-widget-container\">\n\t\t\t\t\t\t\t\t<div class=\"eihe-box eihe-shutter-out-diag-1 eihe_\">\n\t\t\t\t<img decoding=\"async\" width=\"1707\" height=\"1707\" src=\"https:\/\/smilemusicaction.pl\/wp-content\/uploads\/2025\/03\/najlepszestudniowki2025-2084-scaled-e1743354109733.jpg\" class=\"attachment-full size-full wp-image-1517\" alt=\"\" srcset=\"https:\/\/smilemusicaction.pl\/wp-content\/uploads\/2025\/03\/najlepszestudniowki2025-2084-scaled-e1743354109733.jpg 1707w, https:\/\/smilemusicaction.pl\/wp-content\/uploads\/2025\/03\/najlepszestudniowki2025-2084-scaled-e1743354109733-300x300.jpg 300w, https:\/\/smilemusicaction.pl\/wp-content\/uploads\/2025\/03\/najlepszestudniowki2025-2084-scaled-e1743354109733-1024x1024.jpg 1024w, https:\/\/smilemusicaction.pl\/wp-content\/uploads\/2025\/03\/najlepszestudniowki2025-2084-scaled-e1743354109733-150x150.jpg 150w, https:\/\/smilemusicaction.pl\/wp-content\/uploads\/2025\/03\/najlepszestudniowki2025-2084-scaled-e1743354109733-768x768.jpg 768w, https:\/\/smilemusicaction.pl\/wp-content\/uploads\/2025\/03\/najlepszestudniowki2025-2084-scaled-e1743354109733-1536x1536.jpg 1536w\" sizes=\"(max-width: 1707px) 100vw, 1707px\" \/>\t\t\t\t<div class=\"eihe-caption\">\n\t\t\t\t\t<div class=\"eihe-title-cover\">\n\t\t\t\t\t\t\t\t\t\t\t\t<h3 class=\"eihe-title\">JAN BREGIN<\/h3>\n\t\t\t\t\t\t\t\t\t\t\t<\/div>\n\t\t\t\t\t<p>Dj, Konferansjer<\/p>\n\t\t\t\t<\/div>\n\t\t\t<\/div>\n\t\t\t\t\t\t<\/div>\n\t\t\t\t<\/div>\n\t\t\t\t<div class=\"elementor-element elementor-element-5471b4c elementor-widget elementor-widget-e_image_hover_effects\" data-id=\"5471b4c\" data-element_type=\"widget\" data-widget_type=\"e_image_hover_effects.default\">\n\t\t\t\t<div class=\"elementor-widget-container\">\n\t\t\t\t\t\t\t\t<div class=\"eihe-box eihe-shutter-in-out-diag-2 eihe_\">\n\t\t\t\t<img loading=\"lazy\" decoding=\"async\" width=\"2560\" height=\"2560\" src=\"https:\/\/smilemusicaction.pl\/wp-content\/uploads\/2024\/06\/DJ-Kuba-2-edited-scaled.jpg\" class=\"attachment-full size-full wp-image-743\" alt=\"\" srcset=\"https:\/\/smilemusicaction.pl\/wp-content\/uploads\/2024\/06\/DJ-Kuba-2-edited-scaled.jpg 2560w, https:\/\/smilemusicaction.pl\/wp-content\/uploads\/2024\/06\/DJ-Kuba-2-edited-300x300.jpg 300w, https:\/\/smilemusicaction.pl\/wp-content\/uploads\/2024\/06\/DJ-Kuba-2-edited-1024x1024.jpg 1024w, https:\/\/smilemusicaction.pl\/wp-content\/uploads\/2024\/06\/DJ-Kuba-2-edited-150x150.jpg 150w, https:\/\/smilemusicaction.pl\/wp-content\/uploads\/2024\/06\/DJ-Kuba-2-edited-768x768.jpg 768w, https:\/\/smilemusicaction.pl\/wp-content\/uploads\/2024\/06\/DJ-Kuba-2-edited-1536x1536.jpg 1536w, https:\/\/smilemusicaction.pl\/wp-content\/uploads\/2024\/06\/DJ-Kuba-2-edited-2048x2048.jpg 2048w\" sizes=\"(max-width: 2560px) 100vw, 2560px\" \/>\t\t\t\t<div class=\"eihe-caption\">\n\t\t\t\t\t<div class=\"eihe-title-cover\">\n\t\t\t\t\t\t\t\t\t\t\t\t<h3 class=\"eihe-title\">JAKUB PI\u0118KNY<\/h3>\n\t\t\t\t\t\t\t\t\t\t\t<\/div>\n\t\t\t\t\t<p>Dj, Konferansjer<\/p>\n\t\t\t\t<\/div>\n\t\t\t<\/div>\n\t\t\t\t\t\t<\/div>\n\t\t\t\t<\/div>\n\t\t\t\t<div class=\"elementor-element elementor-element-90ddee1 elementor-widget elementor-widget-e_image_hover_effects\" data-id=\"90ddee1\" data-element_type=\"widget\" data-widget_type=\"e_image_hover_effects.default\">\n\t\t\t\t<div class=\"elementor-widget-container\">\n\t\t\t\t\t\t\t\t<div class=\"eihe-box eihe-shutter-in-out-diag-2 eihe_\">\n\t\t\t\t<img loading=\"lazy\" decoding=\"async\" width=\"2560\" height=\"2560\" src=\"https:\/\/smilemusicaction.pl\/wp-content\/uploads\/2025\/04\/4-d-scaled.jpg\" class=\"attachment-full size-full wp-image-1529\" alt=\"\" srcset=\"https:\/\/smilemusicaction.pl\/wp-content\/uploads\/2025\/04\/4-d-scaled.jpg 2560w, https:\/\/smilemusicaction.pl\/wp-content\/uploads\/2025\/04\/4-d-300x300.jpg 300w, https:\/\/smilemusicaction.pl\/wp-content\/uploads\/2025\/04\/4-d-1024x1024.jpg 1024w, https:\/\/smilemusicaction.pl\/wp-content\/uploads\/2025\/04\/4-d-150x150.jpg 150w, https:\/\/smilemusicaction.pl\/wp-content\/uploads\/2025\/04\/4-d-768x768.jpg 768w, https:\/\/smilemusicaction.pl\/wp-content\/uploads\/2025\/04\/4-d-1536x1536.jpg 1536w, https:\/\/smilemusicaction.pl\/wp-content\/uploads\/2025\/04\/4-d-2048x2048.jpg 2048w\" sizes=\"(max-width: 2560px) 100vw, 2560px\" \/>\t\t\t\t<div class=\"eihe-caption\">\n\t\t\t\t\t<div class=\"eihe-title-cover\">\n\t\t\t\t\t\t\t\t\t\t\t\t<h3 class=\"eihe-title\">DAWID KMIECIK<\/h3>\n\t\t\t\t\t\t\t\t\t\t\t<\/div>\n\t\t\t\t\t<p>Cz\u0142onek zespo\u0142u<\/p>\n\t\t\t\t<\/div>\n\t\t\t<\/div>\n\t\t\t\t\t\t<\/div>\n\t\t\t\t<\/div>\n\t\t\t\t<div class=\"elementor-element elementor-element-6a227a3 elementor-widget elementor-widget-e_image_hover_effects\" data-id=\"6a227a3\" data-element_type=\"widget\" data-widget_type=\"e_image_hover_effects.default\">\n\t\t\t\t<div class=\"elementor-widget-container\">\n\t\t\t\t\t\t\t\t<div class=\"eihe-box eihe-shutter-out-diag-1 eihe_\">\n\t\t\t\t<img loading=\"lazy\" decoding=\"async\" width=\"635\" height=\"635\" src=\"https:\/\/smilemusicaction.pl\/wp-content\/uploads\/2025\/01\/as.jpg\" class=\"attachment-full size-full wp-image-1440\" alt=\"\" srcset=\"https:\/\/smilemusicaction.pl\/wp-content\/uploads\/2025\/01\/as.jpg 635w, https:\/\/smilemusicaction.pl\/wp-content\/uploads\/2025\/01\/as-300x300.jpg 300w, https:\/\/smilemusicaction.pl\/wp-content\/uploads\/2025\/01\/as-150x150.jpg 150w\" sizes=\"(max-width: 635px) 100vw, 635px\" \/>\t\t\t\t<div class=\"eihe-caption\">\n\t\t\t\t\t<div class=\"eihe-title-cover\">\n\t\t\t\t\t\t\t\t\t\t\t\t<h3 class=\"eihe-title\">JAKUB MARKIEWICZ<\/h3>\n\t\t\t\t\t\t\t\t\t\t\t<\/div>\n\t\t\t\t\t<p>Cz\u0142onek zespo\u0142u<\/p>\n\t\t\t\t<\/div>\n\t\t\t<\/div>\n\t\t\t\t\t\t<\/div>\n\t\t\t\t<\/div>\n\t\t\t\t<\/div>\n\t\t\t\t\t<\/div>\n\t\t\t\t<\/div>\n\t\t\t\t<\/div>\n\t\t","protected":false},"excerpt":{"rendered":"<p>GOTOWI NA WSP\u00d3LN\u0104 PRZYGOD\u0118? W CELU ZAREZERWOWANIA UROCZYSTO\u015aCI WYPE\u0141NIJ FORMULARZ, KT\u00d3RY ZNAJDUJE SI\u0118 W LINKU POD PRZYCISKIEM PONI\u017bEJ. WYPE\u0141NIJ WSZYSTKIE [&hellip;]<\/p>\n","protected":false},"author":1,"featured_media":0,"parent":0,"menu_order":0,"comment_status":"closed","ping_status":"closed","template":"elementor_header_footer","meta":{"site-sidebar-layout":"no-sidebar","site-content-layout":"","ast-site-content-layout":"full-width-container","site-content-style":"default","site-sidebar-style":"default","ast-global-header-display":"","ast-banner-title-visibility":"","ast-main-header-display":"","ast-hfb-above-header-display":"","ast-hfb-below-header-display":"","ast-hfb-mobile-header-display":"","site-post-title":"disabled","ast-breadcrumbs-content":"","ast-featured-img":"disabled","footer-sml-layout":"","theme-transparent-header-meta":"","adv-header-id-meta":"","stick-header-meta":"","header-above-stick-meta":"","header-main-stick-meta":"","header-below-stick-meta":"","astra-migrate-meta-layouts":"default","ast-page-background-enabled":"default","ast-page-background-meta":{"desktop":{"background-color":"var(--ast-global-color-4)","background-image":"","background-repeat":"repeat","background-position":"center center","background-size":"auto","background-attachment":"scroll","background-type":"","background-media":"","overlay-type":"","overlay-color":"","overlay-opacity":"","overlay-gradient":""},"tablet":{"background-color":"","background-image":"","background-repeat":"repeat","background-position":"center center","background-size":"auto","background-attachment":"scroll","background-type":"","background-media":"","overlay-type":"","overlay-color":"","overlay-opacity":"","overlay-gradient":""},"mobile":{"background-color":"","background-image":"","background-repeat":"repeat","background-position":"center center","background-size":"auto","background-attachment":"scroll","background-type":"","background-media":"","overlay-type":"","overlay-color":"","overlay-opacity":"","overlay-gradient":""}},"ast-content-background-meta":{"desktop":{"background-color":"var(--ast-global-color-5)","background-image":"","background-repeat":"repeat","background-position":"center center","background-size":"auto","background-attachment":"scroll","background-type":"","background-media":"","overlay-type":"","overlay-color":"","overlay-opacity":"","overlay-gradient":""},"tablet":{"background-color":"var(--ast-global-color-5)","background-image":"","background-repeat":"repeat","background-position":"center center","background-size":"auto","background-attachment":"scroll","background-type":"","background-media":"","overlay-type":"","overlay-color":"","overlay-opacity":"","overlay-gradient":""},"mobile":{"background-color":"var(--ast-global-color-5)","background-image":"","background-repeat":"repeat","background-position":"center center","background-size":"auto","background-attachment":"scroll","background-type":"","background-media":"","overlay-type":"","overlay-color":"","overlay-opacity":"","overlay-gradient":""}},"footnotes":""},"class_list":["post-990","page","type-page","status-publish","hentry"],"_links":{"self":[{"href":"https:\/\/smilemusicaction.pl\/index.php?rest_route=\/wp\/v2\/pages\/990","targetHints":{"allow":["GET"]}}],"collection":[{"href":"https:\/\/smilemusicaction.pl\/index.php?rest_route=\/wp\/v2\/pages"}],"about":[{"href":"https:\/\/smilemusicaction.pl\/index.php?rest_route=\/wp\/v2\/types\/page"}],"author":[{"embeddable":true,"href":"https:\/\/smilemusicaction.pl\/index.php?rest_route=\/wp\/v2\/users\/1"}],"replies":[{"embeddable":true,"href":"https:\/\/smilemusicaction.pl\/index.php?rest_route=%2Fwp%2Fv2%2Fcomments&post=990"}],"version-history":[{"count":85,"href":"https:\/\/smilemusicaction.pl\/index.php?rest_route=\/wp\/v2\/pages\/990\/revisions"}],"predecessor-version":[{"id":1538,"href":"https:\/\/smilemusicaction.pl\/index.php?rest_route=\/wp\/v2\/pages\/990\/revisions\/1538"}],"wp:attachment":[{"href":"https:\/\/smilemusicaction.pl\/index.php?rest_route=%2Fwp%2Fv2%2Fmedia&parent=990"}],"curies":[{"name":"wp","href":"https:\/\/api.w.org\/{rel}","templated":true}]}}